11
What is the highest common factor of 720 and 100?
20
Calculate the greatest common factor of 539 and 154.
77
Calculate the greatest common divisor of 817 and 129.
43
What is the highest common factor of 28 and 56?
28
What is the greatest common divisor of 185 and 5?
5
Calculate the highest common divisor of 162 and 288.
18
Calculate the greatest common factor of 224 and 1904.
112
Calculate the highest common divisor of 1890 and 168.
42
What is the highest common divisor of 265 and 53?
53
Calculate the highest common divisor of 40 and 65.
5
Calculate the greatest common divisor of 561 and 255.
51
Calculate the greatest common factor of 204 and 1938.
102
What is the highest common divisor of 145 and 4640?
145
Calculate the highest common divisor of 30 and 470.
10
Calculate the greatest common divisor of 6897 and 114.
57
What is the greatest common divisor of 504 and 153?
9
Calculate the greatest common factor of 210 and 910.
70
What is the highest common factor of 391 and 136?
17
Calculate the greatest common factor of 26554 and 748.
374
What is the highest common factor of 195 and 1105?
65
What is the greatest common factor of 33 and 913?
11
What is the highest common factor of 4 and 12208?
4
Calculate the greatest common divisor of 35 and 161.
7
Calculate the highest common factor of 1272 and 48.
24
Calculate the greatest common divisor of 6 and 11073.
3
What is the greatest common divisor of 9301 and 284?
71
What is the highest common divisor of 525 and 21?
21
What is the greatest common divisor of 40638 and 52?
26
What is the greatest common divisor of 315 and 4320?
45
What is the greatest common factor of 20025 and 225?
225
What is the highest common factor of 627 and 88?
11
What is the highest common factor of 968 and 44?
44
What is the greatest common divisor of 171 and 152?
19
Calculate the greatest common divisor of 1053 and 4095.
117
Calculate the highest common factor of 18 and 189.
9
Calculate the highest common factor of 21 and 951.
3
What is the highest common divisor of 8478 and 216?
54
What is the greatest common divisor of 108 and 486?
54
What is the greatest common factor of 1025 and 164?
41
Calculate the greatest common factor of 44676 and 204.
204
What is the highest common divisor of 108 and 6228?
36
What is the highest common factor of 62 and 341?
31
Calculate the greatest common divisor of 63 and 45.
9
What is the highest common divisor of 324 and 2412?
36
Calculate the highest common divisor of 405 and 7209.
81
What is the highest common factor of 646 and 38?
38
What is the greatest common divisor of 121 and 44?
11
Calculate the highest common divisor of 63 and 483.
21
What is the highest common factor of 78 and 741?
39
What is the highest common factor of 450 and 100?
50
What is the greatest common divisor of 23024 and 16?
16
What is the greatest common divisor of 10476 and 24?
12
What is the highest common factor of 3280 and 1040?
80
Calculate the greatest common factor of 36 and 411.
3
What is the highest common factor of 2832 and 48?
48
Calculate the highest common factor of 85 and 340.
85
What is the highest common factor of 168 and 4644?
12
What is the greatest common factor of 308 and 84?
28
Calculate the highest common factor of 132 and 55.
11
What is the greatest common factor of 218 and 2?
2
Calculate the greatest common divisor of 114 and 84.
6
What is the greatest common factor of 110 and 10?
10
Calculate the highest common divisor of 198 and 1518.
66
What is the greatest common factor of 37557 and 39?
39
Calculate the greatest common divisor of 36 and 30.
6
Calculate the greatest common divisor of 18 and 420.
6
What is the highest common divisor of 9417 and 438?
219
Calculate the highest common factor of 6448 and 80.
16
What is the greatest common factor of 126 and 684?
18
What is the highest common divisor of 8802 and 36?
18
What is the greatest common divisor of 40 and 3470?
10
What is the highest common divisor of 27 and 43?
1
Calculate the greatest common divisor of 100 and 60.
20
What is the highest common divisor of 2775 and 1425?
75
Calculate the greatest common factor of 7218 and 18.
18
What is the greatest common divisor of 8 and 128?
8
Calculate the highest common divisor of 234 and 342.
18
What is the greatest common factor of 14 and 796?
2
Calculate the greatest common divisor of 3645 and 15.
15
Calculate the highest common divisor of 171 and 36.
9
Calculate the greatest common divisor of 3 and 17373.
3
Calculate the greatest common divisor of 54 and 222.
6
Calculate the greatest common divisor of 323 and 152.
19
Calculate the highest common factor of 428 and 4.
4
Calculate the highest common divisor of 1058 and 46.
46
Calculate the greatest common divisor of 168 and 42.
42
Calculate the greatest common divisor of 7994 and 14.
14
Calculate the highest common factor of 17752 and 84.
28
Calculate the highest common divisor of 36 and 27.
9
Calculate the highest common factor of 3478 and 37.
37
What is the highest common divisor of 46982 and 139?
139
Calculate the highest common factor of 4464 and 144.
144
Calculate the greatest common divisor of 169 and 104.
13
What is the highest common divisor of 7176 and 78?
78
What is the highest common factor of 552 and 96?
24
What is the highest common divisor of 234 and 208?
26
What is the highest common divisor of 943 and 23?
23
What is the highest common factor of 3384 and 432?
72
Calculate the highest common factor of 948 and 36.
12
What is the highest common factor of 18213 and 13?
13
What is the greatest common factor of 220 and 1045?
55
Calculate the highest common factor of 100 and 1090.
10
Calculate the highest common divisor of 689 and 53.
53
What is the greatest common factor of 20 and 2620?
20
Calculate the highest common divisor of 413 and 77.
7
Calculate the greatest common divisor of 24 and 20.
4
What is the greatest common divisor of 2115 and 225?
45
Calculate the highest common divisor of 736 and 256.
32
What is the highest common factor of 264 and 407?
11
Calculate the greatest common factor of 8 and 4672.
8
What is the greatest common factor of 116 and 988?
4
Calculate the greatest common factor of 124 and 28.
4
Calculate the greatest common divisor of 5936 and 56.
56
What is the greatest common factor of 169 and 6?
1
Calculate the highest common factor of 78 and 1326.
78
Calculate the highest common divisor of 2984 and 24.
8
What is the greatest common divisor of 6265 and 537?
179
What is the greatest common divisor of 455 and 35?
35
Calculate the greatest common divisor of 1265 and 4255.
115
Calculate the highest common divisor of 24 and 64.
8
Calculate the greatest common factor of 2149 and 28.
7
What is the greatest common divisor of 372 and 93?
93
What is the highest common factor of 932 and 233?
233
What is the greatest common factor of 342 and 72?
18
What is the greatest common factor of 1390 and 70?
10
Calculate the highest common factor of 11 and 13453.
11
What is the highest common factor of 4 and 436?
4
Calculate the greatest common factor of 1937 and 26.
13
What is the greatest common divisor of 348 and 2668?
116
What is the highest common divisor of 212 and 4?
4
What is the greatest common factor of 782 and 46?
46
Calculate the greatest common factor of 3610 and 20.
10
Calculate the greatest common divisor of 13 and 6.
1
What is the greatest common factor of 2842 and 116?
58
What is the greatest common factor of 292 and 730?
146
What is the highest common factor of 12 and 3909?
3
Calculate the greatest common factor of 2044 and 224.
28
What is the highest common factor of 161 and 21?
7
What is the highest common divisor of 15 and 1146?
3
What is the highest common factor of 35 and 45710?
35
Calculate the greatest common divisor of 261 and 203.
29
What is the highest common factor of 861 and 3?
3
What is the highest common divisor of 6965 and 35?
35
What is the highest common divisor of 93 and 341?
31
Calculate the greatest common divisor of 85 and 34.
17
Calculate the highest common divisor of 4025 and 100.
25
What is the greatest common divisor of 71 and 710?
71
What is the greatest common factor of 152 and 8?
8
Calculate the highest common factor of 136 and 561.
17
What is the highest common factor of 21 and 3183?
3
Cal